e units digit of g(-12)?
5
Suppose 0 = -3*s - 396*h + 391*h + 26713, -h + 35623 = 4*s. What is the thousands digit of s?
8
Let o(i) be the third derivative of i**5/60 - i**4/12 - 2*i**3/3 - 5*i**2. Let w be o(-2). What is the tens digit of (w/(16/(-10)))/((-7)/70)?
2
What is the units digit of (561 + -542)/(2/754)?
3
Let q be 3*-2 - (0/9 - 84). What is the hundreds digit of 2/((-42)/(-10359)) + q/(-273)?
4
Let h(c) = 8*c - 69. Let k be h(9). What is the tens digit of ((-120)/25 + 2)/(k/(-60))?
5
Let x = 19490 - -8401. What is the ten thousands digit of x?
2
Suppose -f - 5275 + 28278 = -2*j, -5*f - j + 115059 = 0. What is the ten thousands digit of f?
2
Suppose -3*p + 3*h = -2*h - 34, 0 = 2*p - h - 11. Suppose -p*v + g = 4*g - 882, v + 5*g = 310. What is the units digit of v?
0
Let n = 31452 - 1671. What is the tens digit of n?
8
Let i be -2 - 30/(30/(-5)). What is the hundreds digit of 0 - i - (-832 + -8)?
8
Let s(h) = 8*h**3 + 2*h + 3. Let a be s(-1). What is the tens digit of 8/(795/(-115) - a)?
9
Let s(c) = -3*c**3 - 9*c**2 + 18*c**3 - 1 - c**3 + 3*c + 2. What is the hundreds digit of s(5)?
5
Suppose -146 = -5*w + 4*f, -3*w + 5*f = -90 - 8. What is the units digit of 3 + w/(-10) + 10451/35?
9
Let a(s) = 27*s**2 + 2*s + 2958. What is the tens digit of a(-49)?
8
Let a(v) = -v**2 + 24*v + 55. Let w be a(26). Let g(t) = 12*t**3 - t**2 - t - 7. What is the units digit of g(w)?
5
Let q(z) = -z**3 + 76*z**2 - 96*z + 930. What is the units digit of q(36)?
4
What is the thousands digit of -6*(-232)/240*985?
5
Let p(a) = a**3 - 47*a**2 + 50*a + 12. Let g be p(46). Let w = -128 + g. What is the units digit of w?
8
Let g be (-33)/(-88) - 1547/(-56). Suppose -2 = -4*v + 2, -z - 3*v + 37 = 0. Let q = z - g. What is the units digit of q?
6
Suppose 188*k - 186*k - 5*y = 981, -3*y + 957 = 2*k. What is the hundreds digit of k?
4
Suppose 3*i - 16 = 5*r - 63, 0 = -4*i + 5*r - 56. Let b be (-2)/i - 129/(-27). Suppose -4*m = -4*g - 728, -b*g + 945 = 5*m - 3*g. What is the tens digit of m?
8
Let o = 453 + -454. Let g(b) = -612*b**3 + 12*b**2 + 12*b. What is the units digit of g(o)?
2
Let b = 464 + 288. Suppose -2*a = 2*a - b. Suppose 0 = -3*s + 3*c - 8*c + a, 4*s - 3*c = 270. What is the units digit of s?
6
Suppose -2*c + 72220 = 2*c. What is the hundreds digit of c?
0
Let d = 36 + -34. Suppose 0 = f - 2*z + 1, -6*f + 3*z + 6 = -d*f. Suppose -f*p + 246 = 3*p. What is the units digit of p?
1
Let y = 188 - 113. Let v = y - -54. Suppose a + 6*m - v = m, 5*m = -5*a + 585. What is the hundreds digit of a?
1
Let i be (-793)/(-65) + (-4)/(-5). Let y(r) = -4 + 4 + i + 25*r. What is the units digit of y(4)?
3
Let m = -76 + 96. What is the units digit of -3 + 808/m*5?
9
Let m(h) = 373*h**3 + 4*h**2 - 5*h + 1. What is the units digit of m(2)?
1
Suppose 0 = -o - 4*w, -6 = -o - 0*o + 2*w. Let x be (-2 + o)/(3 + (-10)/4). Suppose -11 = -q + 5*i + 13, -2*q + x*i = -24. What is the units digit of q?
4
Let k be 315/18*368/5. Suppose 0 = 5*f - k + 223. Suppose -3*o - 4*m + 165 + 46 = 0, -f = -3*o - 3*m. What is the units digit of o?
3
Let z = -11 + 7. Let x(g) = -5*g + 4*g**2 - 5 + 3*g**2 + 0*g**2 + 11*g + g**2. What is the units digit of x(z)?
9
Suppose 2*l = 6*l - 5*j, -5*l = -3*j. Suppose 5*h + 597 = 5*r + 1687, -5*h - r + 1078 = l. What is the tens digit of h?
1
Let p = -15035 + 21086. What is the thousands digit of p?
6
Let t = -65 - -83. Suppose -4*l + t = 5*l. Suppose -2*v + 674 = 4*b, l*b - 3*v = -6*v + 343. What is the units digit of b?
7
Let c be 66/(-3) + 4 + -4. Let z(d) = 28*d - 74. Let n be z(9). Let a = n + c. What is the hundreds digit of a?
1
Let a(y) = -y**2 - y - 4. Let t(w) = 4. Let b(o) = 3*a(o) + 2*t(o). Let j be b(-2). What is the units digit of ((-12)/10)/((-4)/j) - -54?
1
Suppose -3*i - 36*p = -37*p - 120757, 10 = 5*p. What is the thousands digit of i?
0
Let f(r) = -25*r - 23. Let c be f(-7). Suppose -c = 5*n - 107. Let w(g) = 2*g**2 + 9*g - 17. What is the tens digit of w(n)?
6
Suppose f - 2 = -q, -11 = f - 2*f - 4*q. What is the tens digit of (420/(-126))/(f/222)?
4
Let s(k) = k**3 + 12*k**2 - 9*k - 48. What is the hundreds digit of s(9)?
5
Let u(y) = 16*y**2 - 1599*y - 144. What is the hundreds digit of u(125)?
9
Suppose 0 = 8*q - 10*q + 3*x, -2*x = -q. Suppose 4*k + 5*g - 4627 = q, 5774 = 5*k - 0*k + 3*g. What is the thousands digit of k?
1
Let p be -10*(18 - -1) - -4. What is the thousands digit of (-1032)/36*p/4?
1
What is the tens digit of (1 + 318/6)*(1 + 215)?
6
Let r = 324 - 349. Let w(f) = -33*f - 79. What is the hundreds digit of w(r)?
7
Let o = 19742 - 866. What is the thousands digit of o?
8
Suppose -2*j = 5*f + 25, -5*f - 4*j + j - 30 = 0. Let v be -3*(-25)/(-30)*2. What is the tens digit of v - f - (-54)/4*8?
0
Let k = 4508 + 12784. What is the thousands digit of k?
7
Let s be -12 - 1 - (-3)/(15/20). Let w(a) = a**3 + 10*a**2 - 7*a - 15. What is the hundreds digit of w(s)?
1
Let c(p) = -p**3 + 33*p**2 + 36*p - 58. Let d be c(34). Let z(w) = 5*w**2 + 7*w - 72. What is the hundreds digit of z(d)?
4
Let s(u) = 5*u + 148. Let h be s(-30). What is the hundreds digit of (-32 + -875)*(-3 - h)?
9
Let u = -7886 - -26193. What is the hundreds digit of u?
3
Suppose 5*o = r - 1, 2*o = 5*r - 22 - 6. Suppose -r - 19 = -5*j. Suppose 0 = f - 4*w - 216, j*f - 1008 = -2*w + 4*w. What is the units digit of f?
0
Suppose -2147 = 10*l - 37707. Let n = -2406 + l. What is the hundreds digit of n?
1
Suppose 12680*t - 12685*t + 18870 = 0. What is the tens digit of t?
7
Let q = 540 + -862. Suppose 6 = 3*c - 6, 3*c = 2*v + 924. Let m = q - v. What is the units digit of m?
4
Let s(c) be the first derivative of -c**4/4 - 5*c**3 - 9*c**2/2 - 25*c + 10. Let j be s(-15). Let a = j - 83. What is the units digit of a?
7
Let d be -2*-3*5/(-30). What is the units digit of 470 + (d - 2 - 3)?
4
Suppose -642*p + 621*p + 1053339 = 0. What is the hundreds digit of p?
1
Let o(r) = -104*r**2 - 60*r + 242. Let x(l) = -104*l**2 - 59*l + 242. Let z(j) = -7*o(j) + 6*x(j). What is the thousands digit of z(4)?
1
Let h be 1113/27 - 1/(63/14). Let a(n) = n**3 - 41*n**2 + 22*n + 109. What is the units digit of a(h)?
1
Suppose -2429986 = -189*b + 3*b + 674912. What is the units digit of b?
3
Suppose 0 = 1407*z - 1401*z - 390. Suppose 10*a + 71720 = z*a. What is the units digit of a?
4
Let w = 2352 + 9844. What is the hundreds digit of w?
1
Let f = 1391 + -694. Let s = f - -565. What is the tens digit of s?
6
Let d(j) = 9*j - 1 + j**3 + j - 4*j**2 - 7*j**3 + 2 - 5*j**2. What is the tens digit of d(-7)?
4
Let w = -174 + 176. Suppose 642 = w*v - 2*d, v - 348 = -3*d - 35. What is the tens digit of v?
1
Let x(b) = 1127*b + 3251. What is the tens digit of x(12)?
7
Let b = -236 + 232. Let x(k) = -11*k**3 - 14*k**2 + 5*k - 2. What is the hundreds digit of x(b)?
4
Suppose -3*f + 3159 = -12*f. Let k be (-1 - -3)/(18/f). Let y = 50 + k. What is the tens digit of y?
1
Let n(j) = 19*j - 8. Let d be n(0). Let z(i) = -i**3 - 2*i**2 - 21*i - 27. What is the tens digit of z(d)?
2
Let h(o) = 6*o**2 - 28*o - 175. Let i be h(-7). Let f = i - -742. What is the tens digit of f?
5
Let u = -18365 + 36862. What is the ten thousands digit of u?
1
Let m = -12 - -18. Suppose -m*p + 765 = -p. What is the tens digit of p?
5
Let v(r) = 15*r**2 - 1. Let c be -3 + (4 - 0/(-3)). Let s be v(c). What is the tens digit of 1074/s - (-4)/14?
7
What is the thousands digit of 2354*((-5)/(-7) + (-78)/(-273))?
2
Let t(o) = -o**3 + 9*o**2 + 11*o - 10. Suppose -28 - 22 = -5*s. Let k be t(s). Let i = 2 - k. What is the units digit of i?
2
Let j be ((-12)/15)/(3/195). Let w(d) = -12*d - 410. What is the units digit of w(j)?
4
Let g(s) = -s - 5. Let a be g(-8). Suppose -5*l + 12 + 643 = 5*m, -m = -a*l - 111. Suppose 11*h - m = 8*h. What is the units digit of h?
2
What is the units digit of 60/(-36)*2*6/4 + 8068?
3
Let r = 83225 + -48508. What is the ten thousands digit of r?
3
Let i be (-5 - -15) + -9 - (-1 + -14). What is the tens digit of (-10)/(-4) + (-12)/i*-1286?
6
Let h be ((-5)/10*16)/(-2). Suppose -4*p + 2*b = -1836, h*p - 2*b - 3*b = 1842. What is the hundreds digit of p?
4
Let t = -435 - -421. Let l(x) = -61*x - 47. What is the units digit of l(t)?
7
What is the hundreds digit of 754*(-57)/(-6) + (56/4)/7?
1
Suppose -328*x = 